 + 5*g. Suppose t + 4 = -0*t. Let u be (-7 - (t + 1)) + -1. What is r(u)?
12
Suppose 2*x = 13*t - 8*t + 149, 5*x - 35 = 0. Let a(m) = 3*m + 22. Calculate a(t).
-59
Let j = 21 + -31. Let n = j - -3. Let f(m) be the second derivative of -m**5/20 - 2*m**4/3 - 3*m**3/2 - m**2/2 - 10*m. Give f(n).
13
Let f(r) be the third derivative of -r**4/8 - 11*r**3/3 - 23*r**2. Let w be f(-9). Let l(s) = -s**3 - 32 + 62 - 4*s + w*s - 6*s**2 - 31. What is l(-6)?
-7
Let o(k) = 4*k**2 + 64*k - 16. Suppose -729*l + 2656 = -895*l. Calculate o(l).
-16
Let z(m) = 2 - 70*m**2 + 68*m**2 - 11*m - 13. What is z(-5)?
-6
Let i(r) = -12*r + 124. Let b be i(9). Let l(f) be the second derivative of 0 + 1/3*f**4 - b*f - 1/2*f**2 + 0*f**3. Give l(-1).
3
Let k(y) = -3. Let m(g) = -3*g**2 + 16*g + 4. Let p(x) = -2*k(x) + m(x). What is p(5)?
15
Let l = -284 + 284. Suppose 2*k + 6 = l, k + 2*k + 15 = w. Let t(f) = -f**2 + 8*f - 4. Give t(w).
8
Let c(q) = -113*q - 55. Let o(p) = 29*p + 1. Let d(t) = c(t) + 4*o(t). Calculate d(16).
-3
Let k = 2303 + -2307. Let q(v) = v**3 + v + 6. Determine q(k).
-62
Suppose -11*w + 22*w + 63 = 18*w. Let j(u) = -u**2 + 6*u + 20. Calculate j(w).
-7
Let t(k) = 8*k**2 - 18 - 15*k**2 - 1 + 26*k + 9*k**2. Let u be t(-14). Let h(b) = -1 - 29*b + 85*b - 29*b + 6 - 29*b. Give h(u).
-13
Let c(g) = 6*g**2 - 16*g - 1. Suppose -6*h + 32 = 5*j - 10*j, 0 = -5*h + 35. Give c(j).
-9
Let o be ((-3 - 2) + 3)/(-1). Let q(u) = -3*u**2 - 51 + u - 62 + 113. Calculate q(o).
-10
Let a(r) = -531 + r - 4*r - 12*r**2 + 533 - 12*r**2 + 10*r**2. What is a(1)?
-15
Let u = -59 - -60. Let p(z) = 68*z. Let o be p(u). Let s = o + -64. Let f(j) = -j**3 + 5*j**2 - 6*j + 5. Give f(s).
-3
Let p(w) be the second derivative of 5/2*w**2 - w - 1/6*w**3 - 1/12*w**4 + 1. What is p(0)?
5
Let f(c) = 4*c + 32. Let m be f(-7). Let p(v) = 3 - 7*v + m*v + 4*v + v**2 - 7*v. Suppose 0 = -2*z - 0*a - 5*a + 15, 3*z + 2*a - 17 = 0. What is p(z)?
-2
Suppose -5*l = -4*s - 23, -3*l - 4*s = -2*l + 5. Let x(g) = 2 + 0*g**2 + 23*g + g**l - 25*g + g**2. Calculate x(3).
32
Let t(a) be the third derivative of -a**5/60 - a**4/24 - a**3/2 - 140*a**2. Let o(s) = -s**2 - 11*s - 22. Let g be o(-9). Give t(g).
-15
Let i(p) be the third derivative of -1/2*p**3 + 1/120*p**6 + 1/4*p**4 + 0 - 13*p**2 + 6*p + 7/60*p**5. Calculate i(-6).
-3
Let o(g) = -11*g - 23. Let u(q) = 29*q + 65. Let t(h) = -8*o(h) - 3*u(h). Calculate t(20).
9
Suppose 10*r = 31*r - 43 - 461. Let i(b) = -2*b**2 + 48*b + 5. Calculate i(r).
5
Let r(b) = b**3 + 9*b**2 + 9*b + 10. Let z be r(-8). Suppose -3*w + w + 5*n + 24 = 0, 0 = z*w + 4*n + 12. Let x(h) = -29 + 29 + 5*h + h**w. Calculate x(-3).
-6
Let l be 0 - (13 - (2 + 10)). Let z(o) = 3*o**3 - o - 1. Calculate z(l).
-3
Let p(z) = 0*z**2 + 26579 - z - 26586 + 2*z**2. Determine p(0).
-7
Let s = 1 - 2. Let x(w) = -16*w**2 - w - 780. Let g(h) = 14*h**2 + h + 936. Let r(o) = -5*g(o) - 6*x(o). Determine r(s).
25
Suppose -6*d + 3*d = -156. Let l = d + -57. Let b be l*(2 - 3) + 0. Let u(v) = -v**3 + 6*v**2 - 5*v - 3. What is u(b)?
-3
Let s(d) be the third derivative of -d**5/60 - d**4/4 + 5*d**3/3 + 2*d**2. Let r be (3 - 1) + (-3*928)/6. Let g = r + 455. Give s(g).
3
Suppose -25*s = -16*s - 36. Let n(h) be the second derivative of 0 - 5/2*h**2 - 2/3*h**3 - 5*h + 1/12*h**4. What is n(s)?
-5
Suppose -4*s + 3*s + 2 = 0, 4*q - 3*s - 18 = 0. Suppose 5*r = 3*i + q, -5*r - 2*i - 4 = -r. Let c(t) = t + 7. What is c(r)?
7
Let p(h) be the first derivative of -7*h**5/20 - h**2/2 - 130*h + 115. Let l(c) be the first derivative of p(c). Calculate l(-1).
6
Suppose -12*q + 51 = -21 - 0. Let h(t) = 12*t - 6. Give h(q).
66
Let k(d) = -d**3 + 3*d**2 - 6*d + 8. Let j(w) = 407*w**2 - 5*w**3 - 187*w**2 + 34 - 209*w**2 - 24*w. Let s(v) = -2*j(v) + 9*k(v). Calculate s(-6).
4
Let o(y) = -17627*y**2 + y**3 + 16 + 17605*y**2 - 2*y**3 + 2*y**3 - 2*y. Determine o(22).
-28
Let i(t) = 7*t**3 + 2*t**2 + 5. Let k be i(0). Let u(b) be the first derivative of -3*b**2/2 + 9*b - 16. Determine u(k).
-6
Let x(b) = b**3 + 17*b**2 - 36*b + 2. Suppose -53*l - 1517 - 497 = 53*l. What is x(l)?
-36
Suppose 2*p = 4*n - 27 - 45, 3*n - 43 = -4*p. Let v(z) = 11*z - 23*z + 11*z + n. Give v(7).
10
Let q = 8291 - 8279. Let x(k) = k - 57. Give x(q).
-45
Let g(n) be the second derivative of -n**3/3 - 25*n**2 + 48*n + 1. Let k be g(-18). Let s(i) = -i**3 - 14*i**2 - i - 10. What is s(k)?
4
Suppose 14*v - 24*v = 30. Let d(i) = -i - 7. Let b(y) = 9. Let s(g) = v*b(g) - 4*d(g). Calculate s(-1).
-3
Let a(o) = -119*o**2 + 6*o + 6. Let j(s) = 208*s**2 - 12*s - 11. Let r(c) = -7*a(c) - 4*j(c). Calculate r(-4).
-6
Suppose -9 = 5*n - a, 4*n - 3*a + 78 - 84 = 0. Let h(g) = 26*g + 6. Determine h(n).
-72
Suppose -5*k + 354 = x, x - 678 = -x - 4*k. Let r = x + -333. Let t(c) = -c**2 + 4*c - 2. Let b(w) = -w**2 + w + 1. Let f(u) = -2*b(u) + t(u). Determine f(r).
4
Let p(i) = -3 - 2 + 3*i + 0*i**2 + i**2. Suppose 137 = 71*y + 119 + 373. Give p(y).
5
Let g(y) = -1 - 9*y**2 - 50*y + 50*y. Let x be g(1). Let w(u) be the first derivative of u**2/2 + 9*u + 1814. What is w(x)?
-1
Suppose -5*v + 89 = -8*u, 130 - 123 = -5*v - 4*u. Let i(z) = 5 + 4*z + 2*z - 5*z + 0*z. What is i(v)?
10
Let z(a) be the first derivative of -4*a**2 - 613. Suppose 0*m - 12 = -3*m. Suppose -m*s + 0 + 4 = 0. What is z(s)?
-8
Suppose -3*i = -i - 14. Let w(c) be the first derivative of -5*c**2 + c + 86. Let x(g) = 7*g - 1. Let v(n) = 2*w(n) + 3*x(n). Determine v(i).
6
Let j(s) = -s**3 + 11*s**2 + 29*s + 1. Suppose 0 = -319*x + 297*x + 286. Calculate j(x).
40
Let a = 25027 + -25036. Let f(k) = -k**3 - 11*k**2 - 21*k - 30. Calculate f(a).
-3
Let h(b) = b**3 + 18*b**2 + 16*b - 41. Suppose -5*s + 163*y - 100 = 166*y, -76 = 3*s + 5*y. What is h(s)?
-24
Let w(v) = v**2. Let g(u) = u**3 + 4*u**2 + 3*u + 2. Let d(t) = -g(t) - 4*w(t). Let q(i) = i**3 + 7*i**2 - i - 15. Let k be q(-7). Determine d(k).
22
Let j(b) = 459*b + 129. Let z(m) = 47*m + 13. Let o(x) = -4*j(x) + 39*z(x). Suppose 3*h + 26 = -3*a + 2, 5*a + 4*h = -38. Give o(a).
9
Let b(l) = -7*l**3 - 41*l**2 + 16*l + 39. Let y(a) = -10*a**3 - 59*a**2 + 24*a + 58. Let x(w) = 7*b(w) - 5*y(w). Determine x(-9).
-26
Let x = -408 + 409. Let y(q) = x - 4*q**2 - 104*q + 39*q + 27*q + 37*q. Give y(1).
-4
Let l be (-8)/12*180/(-5). Suppose -31 = -y - l. Suppose -y*b + 0 = -21. Let a(h) = -2*h**2 - 3*h - 1. Calculate a(b).
-28
Let o = -17 + 17. Let u(v) be the first derivative of 1/2*v**2 + 6 - v. Determine u(o).
-1
Let y(j) be the second derivative of -7*j**3/6 + 3*j**2 - 2320*j. Calculate y(2).
-8
Let j(y) = 2*y**2 + y + 2. Suppose -138*c + 0*c + 908 = 89*c. Determine j(c).
38
Let m(r) = r**2 + 4*r + 12. Suppose -137*h + 100 - 70 = 578. Determine m(h).
12
Let t(f) be the second derivative of -f**5/60 + f**4/3 - 4*f**3/3 - 87*f**2 - f - 25. Let m(s) be the first derivative of t(s). What is m(8)?
-8
Let f(l) = -4*l - 3. Suppose 96*v = 104*v - 16. Let h(n) = -n - 1. Let g(t) = v*f(t) - 9*h(t). What is g(-4)?
-1
Let z(f) = 3*f**2 - 35*f - 18. Let a(m) = -5*m**2 + 47*m + 19. Let c(k) = -2*a(k) - 3*z(k). Suppose -60 = 8*p - 2*p. Calculate c(p).
6
Let j = 50688 + -50695. Let v(k) = 2*k**2 + 20*k + 17. Let r(l) = -l**2 - 10*l - 9. Let d(w) = -5*r(w) - 3*v(w). Give d(j).
15
Let o(p) = p + 5. Let i be o(-5). Suppose -4*f - f + 140 = i. Suppose 4*d - f + 8 = 0. Let m(y) = 2*y - 6. Calculate m(d).
4
Let u(w) be the first derivative of 1/4*w**4 - 4/3*w**3 - 5*w**2 + 33 + 8*w. What is u(6)?
20
Let q(c) be the second derivative of 7*c**4/12 - c**3/3 + 2*c**2 - 25*c + 1. Let h(t) = -2*t**2 - 1. Let w(l) = 4*h(l) + q(l). Calculate w(-1).
1
Suppose 2*n - 10 = -0*n. Suppose -y + 10 + n = 0. Suppose 3*t - y = 2*i, -t + i + 6 = -0*t. Let x(a) = 3*a + 4. What is x(t)?
13
Suppose 84*g - 111*g - 519 = 146*g. Let c(f) be the first derivative of f**5/30 + f**4/6 + 2*f**3/3 - 1. Let n(b) be the third derivative of c(b). Give n(g).
-8
Let j(h) = h**2 + 5*h + 1. Suppose u = -2*o - 0 + 23, -7 = 2*o - 5*u. Let v(z) = -2*z + 18. Let w be v(o). Suppose -7*b - b - 16 = w. What is j(b)?
-5
Let d(o) = o**3 - 183*o**2 + 1399*o + 148. Let k be d(175). Let c(p) = 2*p**3 + 55*p**2 + 27*p - 16. Give c(k).
-16
Let w(q) be the third derivative of q**5/60 - 5*q**4/24 + q**3 - 3*q**2 + 15*q. Let h be 0*(-2)/4 -